{"id":44,"date":"2024-03-22T16:09:12","date_gmt":"2024-03-22T16:09:12","guid":{"rendered":"https:\/\/plantcalza.com\/?page_id=44"},"modified":"2024-03-22T16:36:45","modified_gmt":"2024-03-22T16:36:45","slug":"contactanos","status":"publish","type":"page","link":"https:\/\/plantcalza.com\/?page_id=44","title":{"rendered":"Cont\u00e1ctanos"},"content":{"rendered":"\t\t<div data-elementor-type=\"wp-page\" data-elementor-id=\"44\" class=\"elementor elementor-44\">\n\t\t\t\t<div class=\"elementor-element elementor-element-8c15346 e-flex e-con-boxed e-con e-parent\" data-id=\"8c15346\" data-element_type=\"container\" data-core-v316-plus=\"true\">\n\t\t\t\t\t<div class=\"e-con-inner\">\n\t\t\t\t<div class=\"elementor-element elementor-element-34a04f9 elementor-widget elementor-widget-text-editor\" data-id=\"34a04f9\" data-element_type=\"widget\" data-widget_type=\"text-editor.default\">\n\t\t\t\t<div class=\"elementor-widget-container\">\n\t\t\t<style>\/*! elementor - v3.20.0 - 20-03-2024 *\/\n.elementor-widget-text-editor.elementor-drop-cap-view-stacked .elementor-drop-cap{background-color:#69727d;color:#fff}.elementor-widget-text-editor.elementor-drop-cap-view-framed .elementor-drop-cap{color:#69727d;border:3px solid;background-color:transparent}.elementor-widget-text-editor:not(.elementor-drop-cap-view-default) .elementor-drop-cap{margin-top:8px}.elementor-widget-text-editor:not(.elementor-drop-cap-view-default) .elementor-drop-cap-letter{width:1em;height:1em}.elementor-widget-text-editor .elementor-drop-cap{float:left;text-align:center;line-height:1;font-size:50px}.elementor-widget-text-editor .elementor-drop-cap-letter{display:inline-block}<\/style>\t\t\t\t\t\t\t\t\t\t<\/div>\n\t\t\t\t<\/div>\n\t\t\t\t\t<\/div>\n\t\t\t\t<\/div>\n\t\t<div class=\"elementor-element elementor-element-2469e61 e-flex e-con-boxed e-con e-parent\" data-id=\"2469e61\" data-element_type=\"container\" data-core-v316-plus=\"true\">\n\t\t\t\t\t<div class=\"e-con-inner\">\n\t\t\t\t<div class=\"elementor-element elementor-element-f506ea9 elementor-widget elementor-widget-text-editor\" data-id=\"f506ea9\" data-element_type=\"widget\" data-widget_type=\"text-editor.default\">\n\t\t\t\t<div class=\"elementor-widget-container\">\n\t\t\t\t\t\t\t<p>\u00bfEst\u00e1s interesado en conocer m\u00e1s sobre nuestros productos o realizar un pedido? \u00a1Estamos aqu\u00ed para ayudarte en cada paso del camino! En Plant Calza S.L., nos esforzamos por brindar un servicio personalizado y atenci\u00f3n al cliente excepcional.<\/p><p>No dudes en comunicarte con nosotros para cualquier consulta que puedas tener. Nuestro equipo est\u00e1 disponible para atenderte a trav\u00e9s de dos n\u00fameros de tel\u00e9fono: 966 681 808 y 620 825 092. Ya sea que necesites asistencia para elegir el producto adecuado o desees realizar un pedido personalizado, estamos aqu\u00ed para ayudarte.<\/p><p>Adem\u00e1s, si prefieres comunicarte por escrito, puedes enviarnos un correo electr\u00f3nico a <a target=\"_new\">administracion@plantcalza.com<\/a>. Nos comprometemos a responder a tus correos electr\u00f3nicos de manera oportuna y brindarte la informaci\u00f3n que necesitas de manera clara y concisa.<\/p><p>En Plant Calza S.L., valoramos la satisfacci\u00f3n de nuestros clientes y nos esforzamos por superar tus expectativas en cada interacci\u00f3n. Esperamos tener la oportunidad de servirte pronto y ayudarte a encontrar las soluciones perfectas para tus necesidades de plantillas anat\u00f3micas en corcho.<\/p><p>\u00a1No dudes en ponerte en contacto con nosotros hoy mismo! Estamos aqu\u00ed para ayudarte y esperamos poder satisfacer tus necesidades con nuestros productos y servicios de calidad.<\/p>\t\t\t\t\t\t<\/div>\n\t\t\t\t<\/div>\n\t\t\t\t\t<\/div>\n\t\t\t\t<\/div>\n\t\t\t\t<\/div>\n\t\t","protected":false},"excerpt":{"rendered":"<p>\u00bfEst\u00e1s interesado en conocer m\u00e1s sobre nuestros productos o realizar un pedido? \u00a1Estamos aqu\u00ed para ayudarte en cada paso del camino! En Plant Calza S.L., nos esforzamos por brindar un servicio personalizado y atenci\u00f3n al cliente excepcional. No dudes en comunicarte con nosotros para cualquier consulta que puedas tener. Nuestro equipo est\u00e1 disponible para atenderte [&hellip;]<\/p>\n","protected":false},"author":1,"featured_media":0,"parent":0,"menu_order":0,"comment_status":"closed","ping_status":"closed","template":"","meta":{"footnotes":""},"class_list":["post-44","page","type-page","status-publish","hentry"],"_links":{"self":[{"href":"https:\/\/plantcalza.com\/index.php?rest_route=\/wp\/v2\/pages\/44","targetHints":{"allow":["GET"]}}],"collection":[{"href":"https:\/\/plantcalza.com\/index.php?rest_route=\/wp\/v2\/pages"}],"about":[{"href":"https:\/\/plantcalza.com\/index.php?rest_route=\/wp\/v2\/types\/page"}],"author":[{"embeddable":true,"href":"https:\/\/plantcalza.com\/index.php?rest_route=\/wp\/v2\/users\/1"}],"replies":[{"embeddable":true,"href":"https:\/\/plantcalza.com\/index.php?rest_route=%2Fwp%2Fv2%2Fcomments&post=44"}],"version-history":[{"count":4,"href":"https:\/\/plantcalza.com\/index.php?rest_route=\/wp\/v2\/pages\/44\/revisions"}],"predecessor-version":[{"id":63,"href":"https:\/\/plantcalza.com\/index.php?rest_route=\/wp\/v2\/pages\/44\/revisions\/63"}],"wp:attachment":[{"href":"https:\/\/plantcalza.com\/index.php?rest_route=%2Fwp%2Fv2%2Fmedia&parent=44"}],"curies":[{"name":"wp","href":"https:\/\/api.w.org\/{rel}","templated":true}]}}